base 5) to base 9.
141
Convert 210201211 (base 3) to base 6.
201204
Convert -11100101010 (base 2) to base 10.
-1834
What is -353 (base 7) in base 2?
-10111001
-1319 (base 12) to base 10
-2181
What is -1a091 (base 13) in base 12?
-25389
Convert 863 (base 13) to base 9.
1862
Convert 28619 (base 10) to base 9.
43228
What is 56b (base 13) in base 2?
1110100110
Convert -a6d5 (base 14) to base 4.
-13002003
Convert -10249 (base 10) to base 12.
-5b21
What is -22f8 (base 16) in base 11?
-67a9
121212 (base 5) to base 10
4557
Convert -427 (base 9) to base 3.
-110221
What is -807 (base 14) in base 15?
-700
What is 10012112 (base 4) in base 8?
40626
What is -20473 (base 13) in base 3?
-2221102011
What is -201212 (base 3) in base 12?
-388
What is -623 (base 7) in base 8?
-467
1375 (base 10) to base 8
2537
What is -20012200 (base 3) in base 4?
-1012233
Convert -14002 (base 5) to base 6.
-5115
1345 (base 6) to base 9
432
-3571 (base 13) to base 4
-1311220
What is 111111100000 (base 2) in base 12?
2428
Convert -2661 (base 7) to base 16.
-3ff
Convert 8c54 (base 14) to base 15.
7353
-38b (base 16) to base 11
-755
-ce3 (base 15) to base 13
-1431
Convert -140023 (base 6) to base 8.
-31257
What is 3999 (base 11) in base 9?
7106
What is -a280 (base 11) in base 16?
-3548
What is -1404342 (base 6) in base 12?
-396b2
Convert -145b (base 13) to base 14.
-1109
What is -125 (base 12) in base 10?
-173
Convert 750 (base 11) to base 10.
902
a89 (base 12) to base 4
120021
What is -241 (base 15) in base 5?
-4021
210260 (base 7) to base 4
20310323
17 (base 12) to base 14
15
Convert -10110111000 (base 2) to base 6.
-10440
Convert 60c (base 13) to base 12.
716
-826 (base 9) to base 5
-10142
Convert -4717 (base 10) to base 3.
-20110201
Convert 1103 (base 11) to base 3.
1222220
What is -9067 (base 10) in base 9?
-13384
1297c (base 14) to base 16
b2d2
Convert 19189 (base 10) to base 8.
45365
-7155 (base 8) to base 16
-e6d
What is -274 (base 9) in base 13?
-148
d8b (base 15) to base 12
1928
Convert -21347 (base 10) to base 9.
-32248
What is -1541 (base 15) in base 13?
-20cb
232 (base 15) to base 3
200102
88e (base 15) to base 5
30214
dd (base 15) to base 5
1313
What is -27250 (base 13) in base 10?
-72904
-11121 (base 5) to base 9
-1063
-1772 (base 13) to base 11
-2678
Convert -77202 (base 8) to base 16.
-7e82
What is -9baa (base 12) in base 3?
-212200111
-200221100 (base 3) to base 9
-20840
-17637 (base 8) to base 4
-1332133
889 (base 16) to base 15
9aa
What is 1436 (base 7) in base 11?
475
What is a2 (base 16) in base 14?
b8
2233 (base 5) to base 4
10332
-102b (base 15) to base 11
-2626
Convert -23252 (base 6) to base 9.
-4525
Convert -932 (base 14) to base 13.
-a91
309 (base 13) to base 9
633
Convert 29ea (base 16) to base 14.
3ca6
Convert -1116 (base 11) to base 12.
-a25
-3102132 (base 4) to base 6
-142210
What is -56e (base 15) in base 4?
-103031
Convert -508a (base 13) to base 6.
-123215
What is 4303 (base 7) in base 5?
22042
Convert -133 (base 14) to base 4.
-3301
What is 10012 (base 5) in base 6?
2532
What is e3b (base 16) in base 8?
7073
55c (base 13) to base 4
32122
Convert 3202 (base 5) to base 16.
1ab
Convert 3af (base 16) to base 4.
32233
8122 (base 11) to base 12
62b5
176512 (base 8) to base 6
1220110
-2100001211 (base 3) to base 11
-315a7
What is 294b (base 16) in base 9?
15445
What is 71 (base 10) in base 8?
107
Convert -172c (base 13) to base 9.
-4617
Convert -3121 (base 15) to base 8.
-24215
10000101000101 (base 2) to base 3
102200110
What is 101444 (base 7) in base 8?
41742
Convert -4799 (base 11) to base 3.
-22121120
What is -242430 (base 5) in base 6?
-110111
-1010001001 (base 2) to base 13
-3ac
Convert -266 (base 10) to base 8.
-412
-400334 (base 7) to base 16
-10748
What is 21002020 (base 3) in base 16?
142b
Convert -18330 (base 9) to base 10.
-12663
Convert 27851 (base 11) to base 7.
223343
-10112130 (base 4) to base 6
-214300
-12302 (base 5) to base 16
-3b8
Convert 4141 (base 8) to base 15.
980
-4044 (base 9) to base 2
-101110001100
What is -16588 (base 12) in base 3?
-1121210112
Convert -1333032 (base 5) to base 15.
-812c
What is -1d5b (base 16) in base 12?
-4423
-14316 (base 9) to base 5
-302420
What is 1010 (base 4) in base 11?
62
Convert -1694 (base 10) to base 7.
-4640
What is -11212 (base 8) in base 14?
-1a30
-142100 (base 5) to base 2
-1011100001100
-11032 (base 5) to base 16
-2ff
-81 (base 9) to base 16
-49
What is 9074 (base 10) in base 15?
2a4e
What is 2a08 (base 11) in base 5?
111010
Convert 30773 (base 8) to base 2.
11000111111011
What is 133004 (base 5) in base 14?
1d63
Convert 424114 (base 5) to base 6.
150044
What is -1010010100000 (base 2) in base 14?
-1cd2
3324 (base 5) to base 13
299
What is -4ca (base 14) in base 5?
-12322
What is -435 (base 12) in base 11?
-511
2a45 (base 11) to base 2
111101010001
20201210 (base 3) to base 16
132c
Convert -1357 (base 11) to base 16.
-6dc
-1696a (base 15) to base 13
-272c5
19157 (base 10) to base 13
8948
What is 824 (base 9) in base 11?
55a
843 (base 16) to base 9
2810
-140 (base 11) to base 12
-119
Convert 471 (base 9) to base 12.
284
What is 120100 (base 3) in base 10?
414
1011 (base 11) to base 7
3626
What is 120011 (base 4) in base 2?
11000000101
What is -2024 (base 6) in base 5?
-3243
What is 44375 (base 11) in base 12?
31291
What is -38a2 (base 12) in base 16?
-193a
What is -101001 (base 2) in base 5?
-131
Convert 18769 (base 13) to base 11.
32688
1031 (base 9) to base 12
531
What is -260 (base 8) in base 16?
-b0
9a57 (base 16) to base 15
ba91
565 (base 10) to base 8
1065
Convert 8787 (base 14) to base 3.
1012011021
What is ac3 (base 15) in base 12?
14a9
Convert 9a5 (base 13) to base 15.
756
220451 (base 6) to base 4
10132033
88 (base 10) to base 4
1120
51200 (base 6) to base 13
3108
12a4 (base 14) to base 12
1a94
What is -3565 (base 9) in base 11?
-1aa0
Convert -2cc (base 13) to base 14.
-282
1268 (base 14) to base 11
2475
1459 (base 11) to base 12
1107
Convert 1010011101010 (base 2) to base 8.
12352
20316 (base 9) to base 5
412010
Convert 3731 (base 9) to base 15.
c57
What is 20641 (base 7) in base 9?
7024
Convert 43331 (base 5) to base 15.
d2b
Convert -2b6c (base 13) to base 4.
-1203013
Convert 1c9 (base 14) to base 15.
19d
What is -26142 (base 11) in base 10?
-37435
What is -100101000 (base 2) in base 9?
-358
What is 12133 (base 4) in base 3?
120101
Convert 640 (base 14) to base 8.
2320
8181 (base 9) to base 13
2956
Convert 431 (base 10) to base 13.
272
100100011010 (base 2) to base 7
6536
17a (base 14) to base 15
154
What is 2112121 (base 3) in base 6?
12324
Convert -821b (base 15) to base 11.
-19709
4201 (base 14) to base 9
16532
What is -1010010 (base 2) in base 8?
-122
What is -3524 (base 7) in base 12?
-8b8
What is -1d135 (base 14) in base 6?
-1332043
What is -6d6 (base 14) in base 10?
-1364
What is 12625 (base 7) in base 16?
d48
1430 (base 14) to base 16
df2
252103 (base 8) to base 5
10241412
What is -17848 (base 10) in base 13?
-817c
What is -13012012 (base 4) in base 14?
-a83c
What is -11212 (base 3) in base 6?
-335
Convert 46319 (base 10) to base 2.
1011010011101111
What is -6844 (base 16) in base 6?
-323324
What is -24105 (base 6) in base 8?
-6651
Convert -16347 (base 9) to base 6.
-123541
1b0 (base 13) to base 9
376
-5ab5 (base 16) to base 8
-55265
7271 (base 9) to base 16
14d1
What is -31022301 (base 4) in base 16?
-d2b1
Convert -6 (base 13) to base 9.
-6
3941 (base 10) to base 12
2345
What is -1c74 (base 13) in base 2?
-1000011100000
-330143 (base 5) to base 6
-124150
Convert -1115 (base 6) to base 8.
-407
What is 103 (base 15) in base 11?
198
Convert 1326 (base 10) to base 4.
110232
Convert -34 (base 9) to base 10.
-31
Convert 30103 (base 4) to base 14.
403
1e1 (base 15) to base 16
1b4
What is -3120 (base 6) in base 11?
-583
-2241 (base 8) to base 5
-14220
What is -10202 (base 3) in base 2?
-1100101
Convert -266 (base 7) to base 6.
-402
Convert 452001 (base 6) to base 5.
2204032
-d209 (base 15) to base 8
-126456
117755 (base 9) to base 10
71330
Convert 11101001010 (base 2) to base 3.
2120010
Convert -ac76 (base 13) to base 5.
-1232340
82465 (base 9) to base 4
31100321
What is 1c5 (base 13) in base 16?
14a
What is -3183 (base 9) in base 13?
-10b3
Convert -1135 (base 9) to base 13